y 1227?
1117
Calculate the remainder when 2745202 is divided by 863.
862
What is the remainder when 670441 is divided by 406?
135
Calculate the remainder when 60851468 is divided by 182.
132
What is the remainder when 2221916 is divided by 246877?
23
Calculate the remainder when 17101320 is divided by 79541.
5
Calculate the remainder when 2533826 is divided by 25087.
39
What is the remainder when 3414539 is divided by 992?
75
What is the remainder when 78880 is divided by 3427?
59
What is the remainder when 117704 is divided by 270?
254
Calculate the remainder when 507622 is divided by 10572.
166
What is the remainder when 60462 is divided by 5496?
6
What is the remainder when 1914367 is divided by 316?
39
Calculate the remainder when 1342322873 is divided by 823.
820
What is the remainder when 16552 is divided by 14109?
2443
What is the remainder when 10878764 is divided by 5439382?
0
What is the remainder when 156463 is divided by 25636?
2647
Calculate the remainder when 22107 is divided by 940.
487
What is the remainder when 6018187 is divided by 1504545?
7
What is the remainder when 11330144 is divided by 69?
68
What is the remainder when 147631909 is divided by 31?
20
Calculate the remainder when 88170 is divided by 88131.
39
What is the remainder when 2249677 is divided by 749871?
64
What is the remainder when 883209 is divided by 1238?
515
Calculate the remainder when 3601465 is divided by 300122.
1
Calculate the remainder when 205507 is divided by 83.
82
What is the remainder when 210573064 is divided by 141?
139
What is the remainder when 208523806 is divided by 324?
322
Calculate the remainder when 16778 is divided by 336.
314
Calculate the remainder when 826212 is divided by 20654.
52
Calculate the remainder when 49519 is divided by 3682.
1653
What is the remainder when 7531630 is divided by 195?
145
Calculate the remainder when 62736 is divided by 7828.
112
Calculate the remainder when 3542486 is divided by 210.
206
Calculate the remainder when 4804459 is divided by 13.
10
What is the remainder when 37189359 is divided by 1792?
1775
Calculate the remainder when 20519082 is divided by 2051905.
32
Calculate the remainder when 52542926 is divided by 66.
62
Calculate the remainder when 397055 is divided by 198411.
233
What is the remainder when 392217 is divided by 7138?
6765
What is the remainder when 8890 is divided by 5658?
3232
What is the remainder when 22484902 is divided by 156?
154
Calculate the remainder when 37426698 is divided by 3380.
3338
Calculate the remainder when 4416827 is divided by 1104203.
15
What is the remainder when 783305 is divided by 172?
17
What is the remainder when 3957943 is divided by 791551?
188
What is the remainder when 2536734 is divided by 22448?
110
Calculate the remainder when 678219 is divided by 2049.
0
Calculate the remainder when 33495211 is divided by 1388.
1383
Calculate the remainder when 302867 is divided by 4398.
3803
What is the remainder when 14233831 is divided by 1067?
51
Calculate the remainder when 117780 is divided by 10387.
3523
Calculate the remainder when 13839 is divided by 93.
75
Calculate the remainder when 1250564 is divided by 651.
644
Calculate the remainder when 1263556 is divided by 513.
37
Calculate the remainder when 178390813 is divided by 109.
105
What is the remainder when 280448 is divided by 39997?
469
Calculate the remainder when 1217015 is divided by 1216998.
17
What is the remainder when 3568093 is divided by 347?
239
Calculate the remainder when 584072 is divided by 3090.
62
What is the remainder when 69707531 is divided by 1007?
977
Calculate the remainder when 53376 is divided by 13303.
164
What is the remainder when 1007812 is divided by 240?
52
Calculate the remainder when 670916 is divided by 1864.
1740
What is the remainder when 27121 is divided by 6758?
89
Calculate the remainder when 122679 is divided by 61246.
187
Calculate the remainder when 63120983 is divided by 78.
29
Calculate the remainder when 842824 is divided by 13652.
10052
Calculate the remainder when 346546 is divided by 24752.
18
Calculate the remainder when 36858 is divided by 4133.
3794
Calculate the remainder when 86055 is divided by 224.
39
Calculate the remainder when 6735 is divided by 144.
111
What is the remainder when 88331037 is divided by 224?
221
Calculate the remainder when 10738 is divided by 3977.
2784
Calculate the remainder when 150865998 is divided by 98.
94
What is the remainder when 270259 is divided by 9319?
8
Calculate the remainder when 9574 is divided by 1109.
702
What is the remainder when 1210187 is divided by 201694?
23
What is the remainder when 12067822 is divided by 365691?
19
What is the remainder when 967603 is divided by 205?
3
What is the remainder when 2506096 is divided by 835347?
55
Calculate the remainder when 19938 is divided by 638.
160
Calculate the remainder when 235390 is divided by 78211.
757
Calculate the remainder when 21046285 is divided by 394.
381
What is the remainder when 1044106 is divided by 154?
140
What is the remainder when 81779 is divided by 1994?
25
Calculate the remainder when 9759431 is divided by 180.
11
What is the remainder when 589315 is divided by 195746?
2077
What is the remainder when 1715941 is divided by 31?
29
What is the remainder when 165590068 is divided by 2725?
2718
What is the remainder when 15489139 is divided by 1431?
1426
Calculate the remainder when 7896727 is divided by 102.
91
What is the remainder when 807345 is divided by 987?
966
What is the remainder when 8560362 is divided by 4219?
11
Calculate the remainder when 7711665 is divided by 2687.
2662
Calculate the remainder when 6781227 is divided by 1969.
1960
Calculate the remainder when 20049 is divided by 9617.
815
What is the remainder when 683074 is divided by 62087?
117
Calculate the remainder when 269819938 is divided by 5958.
5950
Calculate the remainder when 29973982 is divided by 509.
499
What is the remainder when 1678729 is divided by 5?
4
What is the remainder when 2641348 is divided by 6086?
24
What is the remainder when 80126 is divided by 607?
2
Calculate the remainder when 1729067 is divided by 1530.
167
Calculate the remainder when 29103994 is divided by 1360.
1354
Calculate the remainder when 3294170315 is divided by 15676.
15675
What is the remainder when 5150411 is divided by 273?
266
What is the remainder when 53203490 is divided by 1359?
1358
What is the remainder when 1933629 is divided by 81?
78
What is the remainder when 414417 is divided by 19715?
402
Calculate the remainder when 2296890 is divided by 114844.
10
What is the remainder when 2492930 is divided by 1672?
1650
Calculate the remainder when 419932 is divided by 2641.
13
Calculate the remainder when 3251974 is divided by 270997.
10
What is the remainder when 1000273 is divided by 1761?
25
What is the remainder when 172896969 is divided by 15?
9
Calculate the remainder when 364742195 is divided by 2532.
2531
What is the remainder when 3231391 is divided by 6299?
4
What is the remainder when 2844710 is divided by 810?
800
Calculate the remainder when 44505854 is divided by 1306.
1292
What is the remainder when 604346954 is divided by 5012?
5006
What is the remainder when 35600017 is divided by 25159?
32
What is the remainder when 218040 is divided by 43556?
260
Calculate the remainder when 760845 is divided by 693.
624
What is the remainder when 9669552 is divided by 1208691?
24
What is the remainder when 80608 is divided by 16072?
248
What is the remainder when 56826 is divided by 944?
186
Calculate the remainder when 1694127 is divided by 3296.
3279
Calculate the remainder when 52347 is divided by 2742.
249
What is the remainder when 10702070 is divided by 3567337?
59
What is the remainder when 136248 is divided by 26095?
5773
What is the remainder when 2618121 is divided by 3157?
968
What is the remainder when 11620038 is divided by 62811?
3
What is the remainder when 14479 is divided by 1858?
1473
Calculate the remainder when 7629961 is divided by 19.
17
Calculate the remainder when 2870260 is divided by 5375.
10
What is the remainder when 565195 is divided by 1011?
46
Calculate the remainder when 97287680 is divided by 4880.
0
Calculate the remainder when 11649160